What is l(3)?
1
Let c(o) = o**3 - 5*o**2 + 15*o + 10. Determine c(7).
213
Let m(f) = -f**2 + 112*f - 631. What is m(6)?
5
Let h(r) = -127*r + 851. Calculate h(7).
-38
Let l(y) = 14*y**2 - 30*y - 5. Give l(3).
31
Let h(n) = -17*n**2 - 561*n - 517. Calculate h(-32).
27
Let y(z) = 27*z**2 - 88*z - 258. Give y(-3).
249
Let b(l) = -l**3 + 12*l**2 - l + 80. What is b(12)?
68
Let o(w) = w**2 - 30*w + 81. Give o(8).
-95
Let y(t) = 12*t - 85. Determine y(-5).
-145
Let y(f) = 90*f**3 + 3*f**2 - 107*f + 105. Determine y(1).
91
Let g(m) = 10*m**2 - 68*m - 135. Give g(-2).
41
Let f(x) = 133*x + 49. What is f(-1)?
-84
Let n(s) = -s**2 + 20*s + 2399. Calculate n(-40).
-1
Let r(u) = u**3 + 12*u**2 + 24*u - 33. Give r(-4).
-1
Let j(y) = -470*y + 2139. Give j(4).
259
Let u(v) = v**3 - 64*v**2 + 61*v + 127. Give u(63).
1
Let s(v) = v**2 - 33*v + 167. What is s(7)?
-15
Let v(m) = -56*m + 734. Determine v(13).
6
Let c(v) = -3*v**3 - 19*v**2 - 2*v + 29. Give c(-7).
141
Let p(u) = -u**3 - 9*u**2 - 15*u - 2. Determine p(-7).
5
Let p(u) = -u**2 - 41*u + 64. What is p(-42)?
22
Let a(t) = -21*t**2 + 463*t - 844. Give a(2).
-2
Let h(m) = -41*m - 741. Determine h(-18).
-3
Let r(d) = -2*d**3 + 27*d**2 - 37*d + 83. Determine r(12).
71
Let g(u) = 13*u**2 - 19*u - 32. Calculate g(-2).
58
Let s(w) = -2*w + 47. Calculate s(64).
-81
Let k(g) = 3*g**2 - 91*g + 824. What is k(13)?
148
Let z(j) = 2*j**3 - 19*j**2 - 70*j + 117. Determine z(12).
-3
Let q(r) = -r**3 - 8*r**2 - 652*r - 3883. Calculate q(-6).
-43
Let l(c) = -4*c**2 - 105*c - 680. What is l(-12)?
4
Let s(z) = -61*z + 150. What is s(3)?
-33
Let t(j) = j**3 + 50*j**2 + 105*j + 2910. Calculate t(-49).
166
Let z(u) = u**3 - 49*u**2 + 90*u + 133. Determine z(47).
-55
Let j(m) = m**2 - 82*m - 134. Determine j(83).
-51
Let t(o) = 609*o + 9139. Calculate t(-15).
4
Let s(q) = q**3 + 12*q**2 - 288*q - 3660. Determine s(-15).
-15
Let c(f) = -3*f**3 - 4*f**2 - 4*f + 15. Give c(-3).
72
Let i(m) = 17*m**2 + 91*m + 39. Give i(-5).
9
Let l(m) = -m**3 + 35*m**2 - 47*m + 2858. What is l(36)?
-130
Let l(n) = 2*n**3 + 53*n**2 + 11*n - 113. Calculate l(-26).
277
Let r(o) = -o**3 + 48*o**2 - 475*o - 38. What is r(34)?
-4
Let s(i) = -i**2 - 24*i + 319. Determine s(-27).
238
Let d(w) = 4*w**3 + 17*w**2 - 41*w. Determine d(-6).
-6
Let c(v) = -v**3 + 7*v**2 - 41*v + 165. Calculate c(6).
-45
Let r(s) = 19*s**2 + 262*s + 567. Give r(-11).
-16
Let n(r) = -32*r - 1771. What is n(-56)?
21
Let j(c) = c**3 + 6*c**2 + 6*c - 34. Determine j(-4).
-26
Let h(a) = -a**2 - 67*a - 685. Determine h(-12).
-25
Let h(z) = -28*z - 71. Give h(1).
-99
Let s(r) = -169*r + 7954. What is s(47)?
11
Let a(n) = -90*n + 823. Calculate a(9).
13
Let c(a) = 8*a**2 - 626*a + 140. Give c(78).
-16
Let k(u) = u + 145. What is k(71)?
216
Let j(x) = x**3 + 20*x**2 - 11*x - 163. Calculate j(-20).
57
Let n(u) = -2*u**3 - 29*u**2 - 38*u + 35. Determine n(-13).
22
Let c(z) = -37*z - 688. Determine c(-19).
15
Let y(w) = -2*w**2 - 92*w - 349. Give y(-4).
-13
Let s(z) = -79*z - 3872. What is s(-49)?
-1
Let n(h) = 2*h**3 - 9*h**2 - 27*h + 4. Determine n(-2).
6
Let s(k) = 341*k + 1041. Give s(-3).
18
Let h(o) = 31*o + 547. Calculate h(-20).
-73
Let o(t) = -3*t**2 + 28*t - 31. Calculate o(9).
-22
Let k(y) = -37*y + 890. What is k(37)?
-479
Let f(w) = -123*w - 111. What is f(-3)?
258
Let s(l) = -51*l - 1765. Give s(-34).
-31
Let d(v) = -v**3 - 11*v**2 + 3*v - 112. Calculate d(-12).
-4
Let s(i) = 95*i + 14154. Determine s(-149).
-1
Let g(l) = -11*l - 788. Determine g(-74).
26
Let x(y) = -16*y + 754. What is x(7)?
642
Let m(k) = k**2 + 116*k - 737. Give m(6).
-5
Let g(c) = -23*c - 80. Determine g(4).
-172
Let i(v) = 395*v + 3551. Determine i(-9).
-4
Let j(x) = 2*x**3 + 75*x**2 + 23*x - 526. Determine j(-37).
-8
Let o(l) = -6*l**3 - 3*l - 5. What is o(-3)?
166
Let r(w) = -6*w**3 + 96*w**2 - 9*w + 138. Determine r(16).
-6
Let v(i) = -i**3 - 65*i**2 + 286*i + 699. Give v(-69).
9
Let d(p) = p**3 - 7*p**2 - 14*p + 119. Determine d(7).
21
Let x(s) = s**3 - 15*s**2 - 61*s - 391. Determine x(19).
-106
Let r(w) = 105*w - 12. Give r(1).
93
Let j(p) = -p**2 - 24*p + 45. What is j(-21)?
108
Let m(h) = -893*h + 10747. Calculate m(12).
31
Let g(s) = -4*s**2 + 110*s - 574. What is g(6)?
-58
Let l(r) = 13*r**2 - r. Give l(5).
320
Let c(f) = -3*f**3 - 46*f**2 + 45*f + 910. What is c(-15)?
10
Let y(i) = -4*i**2 - 122*i - 1195. Give y(-12).
-307
Let p(b) = -37*b - 776. Calculate p(-31).
371
Let f(q) = -q**3 + 26*q**2 - 52*q - 355. Calculate f(23).
36
Let r(f) = f**3 + 4*f**2 - 109*f - 173. Calculate r(-12).
-17
Let l(y) = 12*y**3 - 41*y**2 + 16*y - 8. Give l(3).
-5
Let b(u) = 1153*u + 40348. What is b(-35)?
-7
Let v(t) = -185*t**3 + 13*t + 11. Determine v(-1).
183
Let w(u) = 445*u - 182011. What is w(409)?
-6
Let w(p) = -12*p**2 - 4*p + 12. Determine w(4).
-196
Let j(u) = 9*u + 142. Calculate j(-3).
115
Let n(j) = j**3 + 32*j**2 + 231*j. Give n(-11).
0
Let i(u) = -3*u**2 - 20*u - 72. Determine i(-7).
-79
Let j(z) = z**3 + 26*z**2 + 14*z - 124. Calculate j(-25).
151
Let m(z) = 8*z - 968. Give m(126).
40
Let d(m) = -m**3 - 4*m**2 + 27*m + 34. Give d(-6).
-56
Let s(j) = 2*j**3 - 27*j**2 + 40*j + 17. Determine s(12).
65
Let r(b) = 58*b + 4680. Give r(-78).
156
Let o(i) = 11652*i + 116515. Give o(-10).
-5
Let l(k) = 13*k + 58. Determine l(-13).
-111
Let o(y) = 7*y + 101. Determine o(-34).
-137
Let o(u) = u**3 - 68*u**2 + 431*u - 47. Determine o(61).
197
Let c(v) = -2*v**3 + 9*v**2 + 210*v + 86. Give c(-8).
6
Let m(p) = p**3 - 8*p + 39. Calculate m(4).
71
Let o(f) = -6*f**2 + 17*f + 21. Calculate o(2).
31
Let w(x) = x**2 + 1735*x - 35095. Determine w(20).
5
Let u(y) = 45*y + 328. Determine u(-18).
-482
Let v(t) = -46*t**3 - 8*t**2. Give v(0).
0
Let n(m) = 59*m**2 + 366*m + 8. Give n(-6).
-64
Let r(h) = h**2 + 32*h - 1357. Calculate r(21).
-244
Let y(t) = 2*t**2 - 52*t + 216. Determine y(5).
6
Let u(o) = o**2 - 37*o - 552. Determine u(-12).
36
Let j(p) = 52*p**2 + 6*p - 1. Determine j(1).
57
Let s(w) = -16*w**2 - 95*w - 248. Give s(-3).
-107
Let k(h) = h**3 - 2*h**2 - 3*h + 420. Give k(-7).
0
Let x(k) = -k**2 + 168*k - 652. Give x(4).
4
Let d(a) = a**3 - 20*a**2 - 29*a + 104. Calculate d(21).
-64
Let h(s) = 2*s**2 + 129*s + 729. Give h(-6).
27
Let d(u) = 22*u + 1961. Determine d(-89).
3
Let m(f) = -66*f + 36. Give m(5).
-294
Let f(n) = -5*n**2 + 365*n + 1812. Give f(-5).
-138
Let k(y) = -y**3 + 11*y**2 + 2*y - 65. Give k(0).
-65
Let f(b) = b**3 - 38*b**2 + 43. What is f(38)?
43
Let l(z) = 2*z**3 - 264*z**2 + 239*z + 3017. Give l(131).
4
Let m(o) = 2*o**2 + 69*o - 623. What is m(10)?
267
Let m(z) = z**3 + 290*z**2 + 8025*z - 1029. What is m(-259)?
7
Let q(o) = -127*o + 1697. Give q(11).
300
Let p(x) = 6*x**3 + 14*x**2 - 19*x + 6. Calculate p(1).
7
Let d(i) = -2*i**3 + 198*i**2 - 195*i - 108. What is d(98)?
-10
Let g(r) = -2*r - 56. Determine g(-30).
4
Let r(z) = 118*z**2 - 75*z + 74. Determine r(1).
117
Let s(y) = -y**2 - 257*y + 1023. Give s(4).
-21
Let g(b) = -16*b - 111. What is g(-11)?
65
Let w(f) = f**2 + f - 533. Calculate w(20).
-113
Let b(i) = -208*i - 1876. Determine b(-9).
-4
Let s(f) = -435*f - 1292. Calculate s(-3).
13
Let m(k) = 6*k**3 + 53*k**2 + 81*k + 7. Give m(-7).
-21
Let w(c) = -c**3 + 43*c**2. Give w(43).
0
Let i(f) = f + 14. Calculate i(0).
14
Let w(d) = 22*d + 791. Give w(-58).
-485
Let u(l) = 7*l**2 + 93*l + 258. Give u(-10).
28
Let u(k) = 94*k**2 + 1608*k + 167. What is u(-17)?
-3
Let r(w) = 18*w + 201. Give r(-20).
-159
Let h(b) = -b**2 + 96*b - 1086. What is h(14)?
62
Let j(n) = -29*n - 1406. Calculate j(-49).
15
Let f(a) = 250*a - 8914. Give f(35).
-164
Let k(r) = -r**2 - 44*r + 154. Calculate k(4).
-38
Let f(y) = 11*y - 100. What is f(10)?
10
Let z(h) = -5*h**2 - 243*h + 110. Determine z(-49).
12
Let r(j) = 149*j - 862. Give r(5).
-117
Let t(y) = -50*y - 102. Determine t(-8).
298
Let o(x) = 311*x - 2193. Calculate o(7).
-16
Let z(c) = 2*c**2 - 4711*c + 28191. Give z(6).
-3
Let k(v) = -39*v**2 - 2*v + 82. Determine k(0).
82
Let r(b) = b**3 - 18*b**2 - 257*b - 630. Calculate r(28).
14
Let y(n) = 158*n + 786. Calculate y(-5).
-4
Let s(f) = f**2 + 15*f + 15. What is s(-7)?
-41
Let s(k) = -85*k**2 + 3059*k. What is s(36)?
-36
Let r(x) = 8*x + 768. Calculate r(-100).
-32
Let g(n) = n**3 - 13*n**2